**2 - 4*c + 7. Let f be l(-5). What is the units digit of (n - f)*(-21 - 2)?
8
Suppose 0 = 78*v - 436773 - 369357. What is the units digit of v?
5
Let i(g) = 17*g**2 + 89*g + 137. What is the thousands digit of i(-21)?
5
Suppose 4*c + 12 = -5*v, -c + 2*c + 3*v = -10. Let u(g) = c + 4*g + 130*g**3 - 2*g - 3. What is the hundreds digit of u(1)?
1
Suppose 13*o - o - 5184 = 0. What is the tens digit of (-1)/2*((-8)/(-2) - o)?
1
What is the hundreds digit of ((-535)/214)/(1/283)*-30?
2
Suppose 0 = -4*r - 5*w + 64256, -w + 28631 = 5*r - 51710. What is the tens digit of r?
6
Suppose 0 = 2*g - 21*g - 30*g + 502544. What is the thousands digit of g?
0
Suppose -117*j + 120*j = 15. Suppose 1324 = 4*p - 9*s + 5*s, -j*p + 1619 = 4*s. What is the tens digit of p?
2
Suppose -174*n + 22566 + 31614 = -170*n. What is the thousands digit of n?
3
What is the tens digit of 15883 + 76/(-6) + 93/(-279)?
7
Suppose -5*m = 31 - 56. Suppose 0 = -4*z + 3*r + 23, -2*z - 2*z = -4*r - 24. Suppose 0 = -z*b - 3*d + 118, m*d = -4*b + 12 + 85. What is the units digit of b?
3
Let r(z) = 3*z**2 - 66*z + 4645. What is the ten thousands digit of r(74)?
1
Suppose -4*t + 11 = -3*p, 0 = t - 3*t + 2*p + 4. Suppose 8*f - t*f - 3 = 0, -4*c + 5*f + 11 = 0. What is the units digit of c?
4
Suppose -12226158 - 19074786 = -356*y. What is the units digit of y?
4
Suppose 0 = -67*x + 71*x + 28. Let t be 16/2 + 3 + x. Suppose t*q = 12, -447 = -4*o - q + 4*q. What is the units digit of o?
4
Suppose -29847 - 36341 + 12710 = -18*f. What is the hundreds digit of f?
9
Let b(l) = 2*l**2 - 8*l + 8. Let o(f) = -f. Let k be o(-3). Let g be b(k). Suppose 4*x = 4*s - 140, -g*s = 2*x + 3*x - 84. What is the units digit of s?
7
Let w(l) = -2*l**2 - 4*l - 27. Let k be w(-5). What is the units digit of ((-7007)/(-5) + k/(-95))/2?
1
Let y = -20 - -53. Let g = 37 - y. Suppose 2*o = -g*o + 618. What is the hundreds digit of o?
1
Suppose -5*x = 4*c - 2, 0 = -c - 3*c - x + 10. Suppose -15 = -8*a + 3*a, 2*p + 3*a - 19 = 0. Suppose -7 = -c*l + p. What is the units digit of l?
4
Let t(w) = 5*w**2 + 79*w - 10. Let p be t(-16). What is the units digit of (-3)/((-6)/220 + p + -6)?
0
Let p(q) = -1 + 4 + 60*q - 193*q + 11. What is the hundreds digit of p(-3)?
4
Suppose 0 = -1800*k + 1827*k - 1832382. What is the hundreds digit of k?
8
Let v be 108/5*(77 + -17). Suppose -1960 - v = -4*w. What is the tens digit of w?
1
What is the thousands digit of (155 - -57644) + -1 + 11?
7
Suppose 5*y - 2*y = 2*t - 13, 0 = 2*t + 4*y - 48. Suppose 0 = 2*a - 4*a + t. Let k(d) = -d**3 + 9*d**2 - 11*d + 13. What is the units digit of k(a)?
4
What is the units digit of (-77998)/(-16) - (-4)/(-224)*-7?
5
Let w be -3*1/(-6)*0 + 132. What is the tens digit of ((-1368)/(-54))/(8/w)?
1
Let y(r) be the second derivative of 59*r**3/6 - 15*r**2/2 - 1027*r. Suppose -q + 4*h + 22 = 0, 0 = -4*q - h - 1 + 4. What is the units digit of y(q)?
3
Suppose -6 + 8 = -3*o + 5*l, -4*l + 16 = 0. Suppose -o*a + 6086 = -94. What is the thousands digit of a?
1
Suppose -28*q - 33*q + 1289790 = -16*q. What is the ten thousands digit of q?
2
Suppose -13 = -5*c + 2. Let j(f) = -4*f**2 - 106*f + f**c + 113*f + 0*f**3 - 3. What is the hundreds digit of j(6)?
1
Let w be 226168/204 - 2/(-6). Suppose 0 = -3*f + t + w, -20*f - t + 1859 = -15*f. What is the hundreds digit of f?
3
Let s = 17404 - 9130. What is the tens digit of s?
7
Let g(k) = -43*k**3 + 4*k**2 + 69*k + 307. What is the tens digit of g(-6)?
2
Let a(n) = 168*n**3 - 24*n**2 + 41*n - 215. What is the units digit of a(8)?
3
Suppose 20*g + 192 = 16*g. Suppose -3*c + 10 + 2 = -5*l, -4*c = -l + 1. Let d = l - g. What is the units digit of d?
5
Let j(i) = 264*i**2 + 10*i - 4. Let q be j(2). Suppose -746 = -3*r + q. What is the tens digit of r?
0
Let u be (2 - -3)*(-2 + 103). Let k = 369 + u. What is the tens digit of k?
7
Let d = -42517 + 64742. What is the tens digit of d?
2
Let o = -37671 + 53418. What is the tens digit of o?
4
Suppose 0 = 35*j - 31*j - 16. Suppose -3*y = v - 22, y - 3 + j = 0. What is the tens digit of v?
2
Suppose -3*y = -h + 7631, -h + 22*y = 20*y - 7626. What is the thousands digit of h?
7
Suppose 0*s = -5*s - 2*x + 12, 0 = 3*s + 4*x + 4. What is the thousands digit of (2930/s)/(-13*(-9)/234)?
1
Let r(c) = -c**2 + 82. Let p be r(0). Let z = -684 + 843. Let j = z - p. What is the tens digit of j?
7
Suppose 4*h - 6589 = m + 6756, -3*m + 3333 = h. Suppose -15*a = -7*a - h. What is the units digit of a?
7
Let t be (13/(-4))/((-2)/(-8)). Suppose 2*d + 163 = -d + 5*l, -d - 55 = -l. Let h = t - d. What is the tens digit of h?
4
Let s = -231 + 84. Let f = -592 - -586. Let c = f - s. What is the units digit of c?
1
Suppose -4*z + 7323 = 32*z - 33933. What is the units digit of z?
6
Let w = 3550 + -1835. What is the hundreds digit of w?
7
Let v(w) = -w**3 + 10*w**2 - 11*w + 117. Let j be v(10). What is the units digit of -8 - ((-31059)/9)/j?
5
Let q = -34 - -25. Let m = 23 + q. Let y(g) = g - 2. What is the tens digit of y(m)?
1
Suppose 879*i = 884*i - 12460. Let h = i + -1626. What is the units digit of h?
6
Suppose 5*p = -5*c + 1725, 0 = 3*p + c - 983 - 46. Let s = p + -134. Suppose n = -5*o + 4*o + 54, 4*o = 4*n - s. What is the units digit of n?
3
Suppose -53*j = -16*j - 28490. Suppose 10210 = 12*f - j. What is the tens digit of f?
1
Suppose -2*r - r - 5*v = -103, -r - 5*v + 31 = 0. Suppose 11*g - r = 2*g. What is the units digit of 36*((-3)/g - -2)?
5
Suppose 600*q - 13515 = 579*q + 5322. What is the tens digit of q?
9
What is the tens digit of (-18)/(-54)*8037 - 4/((-2)/(-1))?
7
Let x = -178 - -180. Suppose 5*q - 763 = 2*f, 10*q + x*f - 308 = 8*q. What is the units digit of q?
3
Let o = -3423 + 4107. What is the units digit of o?
4
Let y = -52329 - -76045. What is the thousands digit of y?
3
Suppose -190365 = -5*r - 87*c + 82*c, -2*r = -5*c - 76090. What is the hundreds digit of r?
0
Suppose 119 - 89 = 5*s. What is the units digit of s + (-3)/(3/(-2))?
8
Let j(f) = 448*f + 8036. What is the tens digit of j(40)?
5
Suppose -90*v + 83*v = -39*v + 957024. What is the ten thousands digit of v?
2
Let i(u) = -u**2 + 117*u + 1137. Let v be i(126). Let r be (77/(-2))/((-2)/4). Suppose 2*w - 252 = -5*f + f, r = f - v*w. What is the units digit of f?
5
Let b(q) = 754*q**2 + 23*q + 22. Let j = -126 - -125. What is the hundreds digit of b(j)?
7
Suppose -8*y - 3*y + 11 = 0. What is the tens digit of y + 516 + 5/(-1)?
1
Let b = -9131 + 26264. What is the hundreds digit of b?
1
Let c = -376 + 378. Suppose 4*r = c*v - 934, 4*v - 3*r + 906 = 6*v. What is the hundreds digit of v?
4
Let o be (10 - -2)/(-1 - -3). What is the units digit of (o + -10 - 6)/(-2)?
5
Let z = -436 + 487. Suppose 43*r = z*r - 1400. What is the units digit of r?
5
Let x(u) = u**2 + 8*u + 21. Let a be x(-6). Suppose -a*f + 1321 = -1991. Suppose 4*b - f = -0*b. What is the units digit of b?
2
Suppose 45*f = -748 + 6598. What is the hundreds digit of f?
1
Suppose -892552 = -63*s + 872330. What is the thousands digit of s?
8
Let v = 422 - 595. Let h = 17 - v. What is the units digit of h?
0
Suppose -4*v = -12, w - 2*v = -4 - 1. Let i be w + (14/8)/(1/4). What is the units digit of (i/(-12))/((-1)/93)?
2
Let y be -4 + -3*(-745)/15. Suppose 5*l - y = -5*j + 3*j, l = 5*j - 403. What is the units digit of j?
0
Let b(x) = -440*x - 472*x + 244*x - 6. What is the hundreds digit of b(-1)?
6
Let h = -104 - -105. Let s be (h - -4) + (8 - 11). Suppose y - 263 = -4*p, -y - s*p + 253 = -0*p. What is the units digit of y?
3
What is the tens digit of ((23 + 11)/(-17))/(4/(-6738))?
6
Suppose -18*k = -14*k + 44. Let u = k - -11. Suppose 0 = -u*m + 3*m - 108. What is the tens digit of m?
3
Let m = -5732 + 6530. What is the tens digit of m?
9
Let y(f) = -573*f - 2313. What is the tens digit of y(-28)?
3
Let k be -1 - 3 - (0 - 5). Let y(j) = 13*j - 6. Let p(t) = 12*t - 7. Let c(h) = -4*p(h) + 5*y(h). What is the tens digit of c(k)?
1
Let l(t) = 109*t**2 + 22*t + 96. Let q be l(-4). Suppose -q = -s - 658. What is the tens digit of s?
9
Let f(i) = -41*i + 4. Let g(n) = n**3 + 9*n**2 - n - 11. Let u be g(-9). Let l be -4*u/(-4 - 0). What is the tens digit of f(l)?
8
Let w(t) = -2*t**2 + 3*t**2 - 5*t**3 + 3*t - 5*t**2 + 0*t**3 + 17. Let i be w(-6). Suppose -9*x + i = 2*x